{"id":1055,"date":"2023-02-06T04:45:59","date_gmt":"2023-02-06T04:45:59","guid":{"rendered":"http:\/\/finestwp.com\/biztech\/?page_id=1055"},"modified":"2025-03-31T09:03:31","modified_gmt":"2025-03-31T02:03:31","slug":"skybet-lo-de","status":"publish","type":"page","link":"https:\/\/skybet365.us\/index.php\/skybet-lo-de\/","title":{"rendered":"L\u00d4 \u0110\u1ec0"},"content":{"rendered":"\t\t<div data-elementor-type=\"wp-page\" data-elementor-id=\"1055\" class=\"elementor elementor-1055\">\n\t\t\t\t\t\t<section class=\"elementor-section elementor-top-section elementor-element elementor-element-027ec55 elementor-section-full_width elementor-section-height-default elementor-section-height-default\" data-id=\"027ec55\" data-element_type=\"section\" data-settings=\"{&quot;background_background&quot;:&quot;classic&quot;}\">\n\t\t\t\t\t\t\t<div class=\"elementor-background-overlay\"><\/div>\n\t\t\t\t\t\t\t<div class=\"elementor-container elementor-column-gap-no\">\n\t\t\t\t\t<div class=\"elementor-column elementor-col-100 elementor-top-column elementor-element elementor-element-5cd11b4\" data-id=\"5cd11b4\" data-element_type=\"column\">\n\t\t\t<div class=\"elementor-widget-wrap elementor-element-populated\">\n\t\t\t\t\t\t<section class=\"elementor-section elementor-inner-section elementor-element elementor-element-ba7093c elementor-section-full_width elementor-section-height-default elementor-section-height-default\" data-id=\"ba7093c\" data-element_type=\"section\">\n\t\t\t\t\t\t<div class=\"elementor-container elementor-column-gap-no\">\n\t\t\t\t\t<div class=\"elementor-column elementor-col-100 elementor-inner-column elementor-element elementor-element-16b4a7e\" data-id=\"16b4a7e\" data-element_type=\"column\">\n\t\t\t<div class=\"elementor-widget-wrap elementor-element-populated\">\n\t\t\t\t\t\t<section class=\"elementor-section elementor-inner-section elementor-element elementor-element-73335bb elementor-section-boxed elementor-section-height-default elementor-section-height-default\" data-id=\"73335bb\" data-element_type=\"section\" data-settings=\"{&quot;background_background&quot;:&quot;classic&quot;}\">\n\t\t\t\t\t\t\t<div class=\"elementor-background-overlay\"><\/div>\n\t\t\t\t\t\t\t<div class=\"elementor-container elementor-column-gap-default\">\n\t\t\t\t\t<div class=\"elementor-column elementor-col-100 elementor-inner-column elementor-element elementor-element-7627e02\" data-id=\"7627e02\" data-element_type=\"column\">\n\t\t\t<div class=\"elementor-widget-wrap elementor-element-populated\">\n\t\t\t\t\t\t<div class=\"elementor-element elementor-element-c493918 elementor-widget elementor-widget-heading\" data-id=\"c493918\" data-element_type=\"widget\" data-widget_type=\"heading.default\">\n\t\t\t\t<div class=\"elementor-widget-container\">\n\t\t\t\t\t<span class=\"elementor-heading-title elementor-size-default\">SKYBET<\/span>\t\t\t\t<\/div>\n\t\t\t\t<\/div>\n\t\t\t\t<div class=\"elementor-element elementor-element-37076f0 elementor-widget elementor-widget-heading\" data-id=\"37076f0\" data-element_type=\"widget\" data-widget_type=\"heading.default\">\n\t\t\t\t<div class=\"elementor-widget-container\">\n\t\t\t\t\t<h2 class=\"elementor-heading-title elementor-size-default\">L\u00f4 \u0110\u1ec1<\/h2>\t\t\t\t<\/div>\n\t\t\t\t<\/div>\n\t\t\t\t<section class=\"elementor-section elementor-inner-section elementor-element elementor-element-fdb5561 elementor-section-full_width elementor-section-height-default elementor-section-height-default\" data-id=\"fdb5561\" data-element_type=\"section\">\n\t\t\t\t\t\t<div class=\"elementor-container elementor-column-gap-default\">\n\t\t\t\t\t<div class=\"elementor-column elementor-col-50 elementor-inner-column elementor-element elementor-element-f4d5fc7\" data-id=\"f4d5fc7\" data-element_type=\"column\">\n\t\t\t<div class=\"elementor-widget-wrap elementor-element-populated\">\n\t\t\t\t\t\t<div class=\"elementor-element elementor-element-aa865b4 elementor-widget elementor-widget-biztech_service_block\" data-id=\"aa865b4\" data-element_type=\"widget\" data-widget_type=\"biztech_service_block.default\">\n\t\t\t\t<div class=\"elementor-widget-container\">\n\t\t\t\t\t\t\t\n\t\t\n\n\t <script>\n jQuery(document).ready(function($) {\n\n\/\/put the js code under this line \n\n\tif ($(\".banner-carousel\").length) {\n\t\t$(\".banner-carousel\").owlCarousel({\n\t\t\tloop:true,\n\t\t\tmargin:0,\n\t\t\tnav:true,\n\t\t\tactive: true,\n\t\t\tsmartSpeed: 1000,\n\t\t\tautoplay: 6000,\n\t\t\tresponsive:{\n\t\t\t\t0:{\n\t\t\t\t\titems:1\n\t\t\t\t},\n\t\t\t\t600:{\n\t\t\t\t\titems:1\n\t\t\t\t},\n\t\t\t\t800:{\n\t\t\t\t\titems:1\n\t\t\t\t},\n\t\t\t\t1024:{\n\t\t\t\t\titems:1\n\t\t\t\t}\n\t\t\t}\n\t\t});\n\t}\n\n\/\/put the code above the line \n\n  });\n<\/script>        \n\t\t\t\t\n\t\t\t\t\n\t\t\t\t\n\t\t<section class=\"service-style-two p_relative pdoff\">\n\t\t\t<div class=\"service-block\">\n\t\t\t\t<div class=\"service-block-two wow fadeInUp animated\" data-wow-delay=\"00ms\" data-wow-duration=\"1500ms\">\n\t\t\t\t\t<div class=\"inner-box\">\n\t\t\t\t\t\t<figure class=\"image-box\">\n\t\t\t\t\t\t\t   \n\t\t\t\t\t\t\t\t<img decoding=\"async\" src=\"https:\/\/skybet365.us\/wp-content\/uploads\/2025\/03\/2-8.png\" alt=\"\"\/>\n\t\t\t\t\t\t\t\t\t\t\t\t\t<\/figure>\n\t\t\t\t\t\t<div class=\"lower-content\">\n\t\t\t\t\t\t\t<div class=\"inner\">\n\t\t\t\t\t\t\t\t<div class=\"icon-box\"><i class=\"fas fa-dice-three\"><\/i><\/div>\n\t\t\t\t\t\t\t\t<h3><a href=\"https:\/\/skybet365.us\/index.php\/2025\/03\/30\/one789-ld789-nha-cai-lo-de\/\">ONE789 (LD789)<\/a><\/h3>\n\t\t\t\t\t\t\t\t<p>L\u00f4 \u0111\u1ec1, tr\u00f2 ch\u01a1i \u0111\u01b0\u1ee3c y\u00eau th\u00edch t\u1ea1i Vi\u1ec7t Nam v\u00e0 nhi\u1ec1u qu\u1ed1c gia kh\u00e1c, \u0111\u00e3 ch\u1ee9ng ki\u1ebfn s\u1ef1 ph\u00e1t tri\u1ec3n m\u1ea1nh m\u1ebd nh\u1edd s\u1ef1 xu\u1ea5t hi\u1ec7n c\u1ee7a ONE789. \u0110\u00e2y l\u00e0 n\u1ec1n t\u1ea3ng tr\u1ef1c tuy\u1ebfn n\u1ed5i b\u1eadt, thu h\u00fat \u0111\u00f4ng \u0111\u1ea3o ng\u01b0\u1eddi ch\u01a1i b\u1edfi nh\u1eefng \u01b0u \u0111i\u1ec3m n\u1ed5i b\u1eadt.<\/p>\n\t\t\t\t\t\t\t\t\t\t\t\t\t\t\t\t<div class=\"btn-box\">\n\t\t\t\t\t\t\t\t\t<a href=\"https:\/\/skybet365.us\/index.php\/2025\/03\/30\/one789-ld789-nha-cai-lo-de\/\" class=\"theme-btn-one\">Xem th\u00eam<\/a>\n\t\t\t\t\t\t\t\t<\/div>\n\t\t\t\t\t\t\t\t\t\t\t\t\t\t\t<\/div>\n\t\t\t\t\t\t<\/div>\n\t\t\t\t\t<\/div>\n\t\t\t\t<\/div>\n\t\t\t<\/div>\n        <\/section>\n\t\t\n\t\t\t\t\n\t\t\t\t\n\n             \n\t\t\t\t\t\t<\/div>\n\t\t\t\t<\/div>\n\t\t\t\t\t<\/div>\n\t\t<\/div>\n\t\t\t\t<div class=\"elementor-column elementor-col-50 elementor-inner-column elementor-element elementor-element-293dd8e\" data-id=\"293dd8e\" data-element_type=\"column\">\n\t\t\t<div class=\"elementor-widget-wrap elementor-element-populated\">\n\t\t\t\t\t\t<div class=\"elementor-element elementor-element-5ba583b elementor-widget elementor-widget-biztech_service_block\" data-id=\"5ba583b\" data-element_type=\"widget\" data-widget_type=\"biztech_service_block.default\">\n\t\t\t\t<div class=\"elementor-widget-container\">\n\t\t\t\t\t\t\t\n\t\t\n\n\t <script>\n jQuery(document).ready(function($) {\n\n\/\/put the js code under this line \n\n\tif ($(\".banner-carousel\").length) {\n\t\t$(\".banner-carousel\").owlCarousel({\n\t\t\tloop:true,\n\t\t\tmargin:0,\n\t\t\tnav:true,\n\t\t\tactive: true,\n\t\t\tsmartSpeed: 1000,\n\t\t\tautoplay: 6000,\n\t\t\tresponsive:{\n\t\t\t\t0:{\n\t\t\t\t\titems:1\n\t\t\t\t},\n\t\t\t\t600:{\n\t\t\t\t\titems:1\n\t\t\t\t},\n\t\t\t\t800:{\n\t\t\t\t\titems:1\n\t\t\t\t},\n\t\t\t\t1024:{\n\t\t\t\t\titems:1\n\t\t\t\t}\n\t\t\t}\n\t\t});\n\t}\n\n\/\/put the code above the line \n\n  });\n<\/script>        \n\t\t\t\t\n\t\t\t\t\n\t\t\t\t\n\t\t<section class=\"service-style-two p_relative pdoff\">\n\t\t\t<div class=\"service-block\">\n\t\t\t\t<div class=\"service-block-two wow fadeInUp animated\" data-wow-delay=\"00ms\" data-wow-duration=\"1500ms\">\n\t\t\t\t\t<div class=\"inner-box\">\n\t\t\t\t\t\t<figure class=\"image-box\">\n\t\t\t\t\t\t\t   \n\t\t\t\t\t\t\t\t<img decoding=\"async\" src=\"https:\/\/skybet365.us\/wp-content\/uploads\/2025\/03\/1-6.png\" alt=\"\"\/>\n\t\t\t\t\t\t\t\t\t\t\t\t\t<\/figure>\n\t\t\t\t\t\t<div class=\"lower-content\">\n\t\t\t\t\t\t\t<div class=\"inner\">\n\t\t\t\t\t\t\t\t<div class=\"icon-box\"><i class=\"fas fa-gamepad\"><\/i><\/div>\n\t\t\t\t\t\t\t\t<h3><a href=\"\">SGD6666<\/a><\/h3>\n\t\t\t\t\t\t\t\t<p>\u200bSGD6666 l\u00e0 m\u1ed9t n\u1ec1n t\u1ea3ng tr\u1ef1c tuy\u1ebfn chuy\u00ean cung c\u1ea5p d\u1ecbch v\u1ee5, cho ph\u00e9p ng\u01b0\u1eddi d\u00f9ng tham gia c\u00e1c tr\u00f2 ch\u01a1i x\u1ed5 s\u1ed1 v\u00e0 c\u00e1 c\u01b0\u1ee3c s\u1ed1 tr\u1ef1c tuy\u1ebfn. Trang web h\u01b0\u1edbng \u0111\u1ebfn vi\u1ec7c mang \u0111\u1ebfn tr\u1ea3i nghi\u1ec7m gi\u1ea3i tr\u00ed \u0111a d\u1ea1ng v\u00e0 h\u1ea5p d\u1eabn cho ng\u01b0\u1eddi ch\u01a1i. <\/p>\n\t\t\t\t\t\t\t\t\t\t\t\t\t\t\t\t<div class=\"btn-box\">\n\t\t\t\t\t\t\t\t\t<a href=\"\" class=\"theme-btn-one\">Xem th\u00eam<\/a>\n\t\t\t\t\t\t\t\t<\/div>\n\t\t\t\t\t\t\t\t\t\t\t\t\t\t\t<\/div>\n\t\t\t\t\t\t<\/div>\n\t\t\t\t\t<\/div>\n\t\t\t\t<\/div>\n\t\t\t<\/div>\n        <\/section>\n\t\t\n\t\t\t\t\n\t\t\t\t\n\n             \n\t\t\t\t\t\t<\/div>\n\t\t\t\t<\/div>\n\t\t\t\t\t<\/div>\n\t\t<\/div>\n\t\t\t\t\t<\/div>\n\t\t<\/section>\n\t\t\t\t<section class=\"elementor-section elementor-inner-section elementor-element elementor-element-de6fd97 elementor-section-full_width elementor-section-height-default elementor-section-height-default\" data-id=\"de6fd97\" data-element_type=\"section\">\n\t\t\t\t\t\t<div class=\"elementor-container elementor-column-gap-default\">\n\t\t\t\t\t<div class=\"elementor-column elementor-col-33 elementor-inner-column elementor-element elementor-element-d4c2605\" data-id=\"d4c2605\" data-element_type=\"column\">\n\t\t\t<div class=\"elementor-widget-wrap\">\n\t\t\t\t\t\t\t<\/div>\n\t\t<\/div>\n\t\t\t\t<div class=\"elementor-column elementor-col-33 elementor-inner-column elementor-element elementor-element-8924074\" data-id=\"8924074\" data-element_type=\"column\">\n\t\t\t<div class=\"elementor-widget-wrap\">\n\t\t\t\t\t\t\t<\/div>\n\t\t<\/div>\n\t\t\t\t<div class=\"elementor-column elementor-col-33 elementor-inner-column elementor-element elementor-element-86fbf3a\" data-id=\"86fbf3a\" data-element_type=\"column\">\n\t\t\t<div class=\"elementor-widget-wrap\">\n\t\t\t\t\t\t\t<\/div>\n\t\t<\/div>\n\t\t\t\t\t<\/div>\n\t\t<\/section>\n\t\t\t\t\t<\/div>\n\t\t<\/div>\n\t\t\t\t\t<\/div>\n\t\t<\/section>\n\t\t\t\t\t<\/div>\n\t\t<\/div>\n\t\t\t\t\t<\/div>\n\t\t<\/section>\n\t\t\t\t\t<\/div>\n\t\t<\/div>\n\t\t\t\t\t<\/div>\n\t\t<\/section>\n\t\t\t\t<section class=\"elementor-section elementor-top-section elementor-element elementor-element-165637e elementor-section-full_width elementor-section-height-default elementor-section-height-default\" data-id=\"165637e\" data-element_type=\"section\" data-settings=\"{&quot;background_background&quot;:&quot;classic&quot;}\">\n\t\t\t\t\t\t\t<div class=\"elementor-background-overlay\"><\/div>\n\t\t\t\t\t\t\t<div class=\"elementor-container elementor-column-gap-no\">\n\t\t\t\t\t<div class=\"elementor-column elementor-col-100 elementor-top-column elementor-element elementor-element-6060895\" data-id=\"6060895\" data-element_type=\"column\">\n\t\t\t<div class=\"elementor-widget-wrap elementor-element-populated\">\n\t\t\t\t\t\t<section class=\"elementor-section elementor-inner-section elementor-element elementor-element-a9a8c13 elementor-section-full_width elementor-section-height-default elementor-section-height-default\" data-id=\"a9a8c13\" data-element_type=\"section\">\n\t\t\t\t\t\t<div class=\"elementor-container elementor-column-gap-no\">\n\t\t\t\t\t<div class=\"elementor-column elementor-col-100 elementor-inner-column elementor-element elementor-element-650809c\" data-id=\"650809c\" data-element_type=\"column\">\n\t\t\t<div class=\"elementor-widget-wrap elementor-element-populated\">\n\t\t\t\t\t\t<section class=\"elementor-section elementor-inner-section elementor-element elementor-element-bc4626e elementor-section-boxed elementor-section-height-default elementor-section-height-default\" data-id=\"bc4626e\" data-element_type=\"section\" data-settings=\"{&quot;background_background&quot;:&quot;classic&quot;}\">\n\t\t\t\t\t\t\t<div class=\"elementor-background-overlay\"><\/div>\n\t\t\t\t\t\t\t<div class=\"elementor-container elementor-column-gap-default\">\n\t\t\t\t\t<div class=\"elementor-column elementor-col-100 elementor-inner-column elementor-element elementor-element-fe4f584\" data-id=\"fe4f584\" data-element_type=\"column\">\n\t\t\t<div class=\"elementor-widget-wrap elementor-element-populated\">\n\t\t\t\t\t\t<div class=\"elementor-element elementor-element-4945821 elementor-widget elementor-widget-heading\" data-id=\"4945821\" data-element_type=\"widget\" data-widget_type=\"heading.default\">\n\t\t\t\t<div class=\"elementor-widget-container\">\n\t\t\t\t\t<span class=\"elementor-heading-title elementor-size-default\">SKYBET<\/span>\t\t\t\t<\/div>\n\t\t\t\t<\/div>\n\t\t\t\t<div class=\"elementor-element elementor-element-b1db040 elementor-widget elementor-widget-heading\" data-id=\"b1db040\" data-element_type=\"widget\" data-widget_type=\"heading.default\">\n\t\t\t\t<div class=\"elementor-widget-container\">\n\t\t\t\t\t<h2 class=\"elementor-heading-title elementor-size-default\">H\u01a1n +60.000 Doanh Nghi\u1ec7p \u0110\u00e3 B\u00f9ng N\u1ed5 Doanh S\u1ed1<br>B\u1ea1n C\u00f2n Ch\u1edd G\u00cc N\u1eefa? Li\u00ean H\u1ec7 Skybet Ngay<\/h2>\t\t\t\t<\/div>\n\t\t\t\t<\/div>\n\t\t\t\t<section class=\"elementor-section elementor-inner-section elementor-element elementor-element-a2541cb elementor-section-full_width elementor-section-height-default elementor-section-height-default\" data-id=\"a2541cb\" data-element_type=\"section\">\n\t\t\t\t\t\t<div class=\"elementor-container elementor-column-gap-default\">\n\t\t\t\t\t<div class=\"elementor-column elementor-col-33 elementor-inner-column elementor-element elementor-element-11e8640\" data-id=\"11e8640\" data-element_type=\"column\">\n\t\t\t<div class=\"elementor-widget-wrap elementor-element-populated\">\n\t\t\t\t\t\t<div class=\"elementor-element elementor-element-ef79e4b elementor-widget elementor-widget-biztech_working_block\" data-id=\"ef79e4b\" data-element_type=\"widget\" data-widget_type=\"biztech_working_block.default\">\n\t\t\t\t<div class=\"elementor-widget-container\">\n\t\t\t\t\t\n        \n\t\t\t\t\n\t\t\n        <section class=\"working-process-section alternat-2 centred \">\n            <div class=\"auto-container\">\n                <div class=\"inner-container\">\n                    <div class=\"working-block-one\">\n                        <div class=\"inner-box\">\n\t\t\t\t\t\t\t                            <div class=\"shape\" style=\"background-image: url(https:\/\/skybet365.us\/wp-content\/uploads\/2023\/02\/shape-24.png);\">\n\t\t\t\t\t\t\t\t\t\t\t\t\t\t<\/div>\n                            <div class=\"count-text\">\n                                <h3>01 <span><\/span><\/h3>\n                            <\/div>\n                            <div class=\"text\">\n                                <div class=\"inner\">\n                                    <h3>K\u1ebeT N\u1ed0I<\/h3>\n                                    <p>T\u00ecm ki\u1ebfm v\u00e0 li\u00ean k\u1ebft qua c\u00e1c k\u00eanh th\u00f4ng tin v\u00e0 m\u1ea1ng x\u00e3 h\u1ed9i \u0111\u1ec3 m\u1edf r\u1ed9ng m\u1ed1i quan h\u1ec7.<\/p>\n                                <\/div>\n                            <\/div>\n                        <\/div>\n                    <\/div>\n                <\/div>\n            <\/div>\n        <\/section>\n\n\t\t             \n\t\t\t\t\t\t<\/div>\n\t\t\t\t<\/div>\n\t\t\t\t\t<\/div>\n\t\t<\/div>\n\t\t\t\t<div class=\"elementor-column elementor-col-33 elementor-inner-column elementor-element elementor-element-de0b004\" data-id=\"de0b004\" data-element_type=\"column\">\n\t\t\t<div class=\"elementor-widget-wrap elementor-element-populated\">\n\t\t\t\t\t\t<div class=\"elementor-element elementor-element-e8e4bbb elementor-widget elementor-widget-biztech_working_block\" data-id=\"e8e4bbb\" data-element_type=\"widget\" data-widget_type=\"biztech_working_block.default\">\n\t\t\t\t<div class=\"elementor-widget-container\">\n\t\t\t\t\t\n        \n\t\t\t\t\n\t\t\n        <section class=\"working-process-section alternat-2 centred \">\n            <div class=\"auto-container\">\n                <div class=\"inner-container\">\n                    <div class=\"working-block-one\">\n                        <div class=\"inner-box\">\n\t\t\t\t\t\t\t                            <div class=\"shape\" style=\"background-image: url(https:\/\/skybet365.us\/wp-content\/uploads\/2023\/02\/shape-24.png);\">\n\t\t\t\t\t\t\t\t\t\t\t\t\t\t<\/div>\n                            <div class=\"count-text\">\n                                <h3>02 <span><\/span><\/h3>\n                            <\/div>\n                            <div class=\"text\">\n                                <div class=\"inner\">\n                                    <h3>H\u1ee2P T\u00c1C<\/h3>\n                                    <p>\u0110\u00e0m ph\u00e1n v\u00e0 h\u1ee3p t\u00e1c b\u00ecnh \u0111\u1eb3ng, \u0111\u00f4i b\u00ean c\u00f9ng c\u00f3 l\u1ee3i.<\/p>\n                                <\/div>\n                            <\/div>\n                        <\/div>\n                    <\/div>\n                <\/div>\n            <\/div>\n        <\/section>\n\n\t\t             \n\t\t\t\t\t\t<\/div>\n\t\t\t\t<\/div>\n\t\t\t\t\t<\/div>\n\t\t<\/div>\n\t\t\t\t<div class=\"elementor-column elementor-col-33 elementor-inner-column elementor-element elementor-element-093ae07\" data-id=\"093ae07\" data-element_type=\"column\">\n\t\t\t<div class=\"elementor-widget-wrap elementor-element-populated\">\n\t\t\t\t\t\t<div class=\"elementor-element elementor-element-cff4b85 elementor-widget elementor-widget-biztech_working_block\" data-id=\"cff4b85\" data-element_type=\"widget\" data-widget_type=\"biztech_working_block.default\">\n\t\t\t\t<div class=\"elementor-widget-container\">\n\t\t\t\t\t\n        \n\t\t\t\t\n\t\t\n        <section class=\"working-process-section alternat-2 centred \">\n            <div class=\"auto-container\">\n                <div class=\"inner-container\">\n                    <div class=\"working-block-one\">\n                        <div class=\"inner-box\">\n\t\t\t\t\t\t\t\t\n\t\t\t\t\t\t\t<div class=\"shape\">\n\t\t\t\t\t\t\t\t\t\t\t\t\t\t<\/div>\n                            <div class=\"count-text\">\n                                <h3>03 <span><\/span><\/h3>\n                            <\/div>\n                            <div class=\"text\">\n                                <div class=\"inner\">\n                                    <h3>PH\u00c1T TRI\u1ec2N<\/h3>\n                                    <p>H\u1ed7 tr\u1ee3 qu\u00fd kh\u00e1ch ph\u00e1t tri\u1ec3n kinh doanh hi\u1ec7u qu\u1ea3, hi\u1ec7n \u0111\u1ea1i v\u00e0 \u0111\u1ea3m b\u1ea3o an to\u00e0n.<\/p>\n                                <\/div>\n                            <\/div>\n                        <\/div>\n                    <\/div>\n                <\/div>\n            <\/div>\n        <\/section>\n\n\t\t             \n\t\t\t\t\t\t<\/div>\n\t\t\t\t<\/div>\n\t\t\t\t\t<\/div>\n\t\t<\/div>\n\t\t\t\t\t<\/div>\n\t\t<\/section>\n\t\t\t\t\t<\/div>\n\t\t<\/div>\n\t\t\t\t\t<\/div>\n\t\t<\/section>\n\t\t\t\t\t<\/div>\n\t\t<\/div>\n\t\t\t\t\t<\/div>\n\t\t<\/section>\n\t\t\t\t\t<\/div>\n\t\t<\/div>\n\t\t\t\t\t<\/div>\n\t\t<\/section>\n\t\t\t\t<\/div>\n\t\t","protected":false},"excerpt":{"rendered":"<p>SKYBET L\u00f4 \u0110\u1ec1 ONE789 (LD789) L\u00f4 \u0111\u1ec1, tr\u00f2 ch\u01a1i \u0111\u01b0\u1ee3c y\u00eau th\u00edch t\u1ea1i Vi\u1ec7t Nam v\u00e0 nhi\u1ec1u qu\u1ed1c gia kh\u00e1c, \u0111\u00e3 ch\u1ee9ng ki\u1ebfn s\u1ef1 ph\u00e1t tri\u1ec3n m\u1ea1nh m\u1ebd nh\u1edd s\u1ef1 xu\u1ea5t hi\u1ec7n c\u1ee7a ONE789. \u0110\u00e2y l\u00e0 n\u1ec1n t\u1ea3ng tr\u1ef1c tuy\u1ebfn n\u1ed5i b\u1eadt, thu h\u00fat \u0111\u00f4ng \u0111\u1ea3o ng\u01b0\u1eddi ch\u01a1i b\u1edfi nh\u1eefng \u01b0u \u0111i\u1ec3m n\u1ed5i b\u1eadt. Xem [&hellip;]<\/p>\n","protected":false},"author":2,"featured_media":0,"parent":0,"menu_order":0,"comment_status":"closed","ping_status":"closed","template":"tpl-default-elementor.php","meta":{"footnotes":""},"class_list":["post-1055","page","type-page","status-publish","hentry"],"_links":{"self":[{"href":"https:\/\/skybet365.us\/index.php\/wp-json\/wp\/v2\/pages\/1055","targetHints":{"allow":["GET"]}}],"collection":[{"href":"https:\/\/skybet365.us\/index.php\/wp-json\/wp\/v2\/pages"}],"about":[{"href":"https:\/\/skybet365.us\/index.php\/wp-json\/wp\/v2\/types\/page"}],"author":[{"embeddable":true,"href":"https:\/\/skybet365.us\/index.php\/wp-json\/wp\/v2\/users\/2"}],"replies":[{"embeddable":true,"href":"https:\/\/skybet365.us\/index.php\/wp-json\/wp\/v2\/comments?post=1055"}],"version-history":[{"count":19,"href":"https:\/\/skybet365.us\/index.php\/wp-json\/wp\/v2\/pages\/1055\/revisions"}],"predecessor-version":[{"id":3625,"href":"https:\/\/skybet365.us\/index.php\/wp-json\/wp\/v2\/pages\/1055\/revisions\/3625"}],"wp:attachment":[{"href":"https:\/\/skybet365.us\/index.php\/wp-json\/wp\/v2\/media?parent=1055"}],"curies":[{"name":"wp","href":"https:\/\/api.w.org\/{rel}","templated":true}]}}