{"id":1058,"date":"2023-02-06T04:52:40","date_gmt":"2023-02-06T04:52:40","guid":{"rendered":"http:\/\/finestwp.com\/biztech\/?page_id=1058"},"modified":"2025-03-30T16:51:55","modified_gmt":"2025-03-30T09:51:55","slug":"vietwin-phan-mem-ke-toan","status":"publish","type":"page","link":"https:\/\/skybet365.us\/index.php\/vietwin-phan-mem-ke-toan\/","title":{"rendered":"VIETWIN PH\u1ea6N M\u1ec0M K\u1ebe TO\u00c1N"},"content":{"rendered":"\t\t<div data-elementor-type=\"wp-page\" data-elementor-id=\"1058\" class=\"elementor elementor-1058\">\n\t\t\t\t<div class=\"elementor-element elementor-element-f4ab327 e-flex e-con-boxed e-con e-parent\" data-id=\"f4ab327\" data-element_type=\"container\">\n\t\t\t\t\t<div class=\"e-con-inner\">\n\t\t\t\t<div class=\"elementor-element elementor-element-d656d3a elementor-invisible elementor-widget elementor-widget-heading\" data-id=\"d656d3a\" data-element_type=\"widget\" data-settings=\"{&quot;_animation&quot;:&quot;slideInLeft&quot;}\" data-widget_type=\"heading.default\">\n\t\t\t\t<div class=\"elementor-widget-container\">\n\t\t\t\t\t<h2 class=\"elementor-heading-title elementor-size-default\">K\u1ebf To\u00e1n Th\u00f4ng Minh, N\u00e2ng T\u1ea7m Doanh Nghi\u1ec7p<\/h2>\t\t\t\t<\/div>\n\t\t\t\t<\/div>\n\t\t\t\t<div class=\"elementor-element elementor-element-c521cd7 elementor-invisible elementor-widget elementor-widget-text-editor\" data-id=\"c521cd7\" data-element_type=\"widget\" data-settings=\"{&quot;_animation&quot;:&quot;slideInRight&quot;}\" data-widget_type=\"text-editor.default\">\n\t\t\t\t<div class=\"elementor-widget-container\">\n\t\t\t\t\t\t\t\t\t<p style=\"text-align: center;\">Ng\u00e0nh iGaming \u0111ang ph\u00e1t tri\u1ec3n m\u1ea1nh m\u1ebd, m\u1edf ra nhi\u1ec1u c\u01a1 h\u1ed9i cho c\u00e1c doanh nghi\u1ec7p mu\u1ed1n m\u1edf r\u1ed9ng th\u1ecb tr\u01b0\u1eddng v\u00e0 t\u0103ng c\u01b0\u1eddng hi\u1ec7u qu\u1ea3 ho\u1ea1t \u0111\u1ed9ng. VietWin, l\u00e0 ph\u1ea7n m\u1ec1m k\u1ebf to\u00e1n do SKYBET cung c\u1ea5p, l\u00e0 m\u1ed9t c\u00f4ng c\u1ee5 kh\u00f4ng th\u1ec3 thi\u1ebfu v\u00e0 gi\u1ea3i ph\u00e1p hi\u1ec7u qu\u1ea3 d\u00e0nh cho c\u00e1c chuy\u00ean gia l\u00e0m vi\u1ec7c trong l\u0129nh v\u1ef1c n\u00e0y.<br>Ph\u1ea7n m\u1ec1m k\u1ebf to\u00e1n VietWin, do SKYBET cung c\u1ea5p, \u0111\u1eb7c bi\u1ec7t \u0111\u01b0\u1ee3c h\u1ed7 tr\u1ee3 mi\u1ec5n ph\u00ed cho kh\u00e1ch h\u00e0ng v\u00e0 \u0111\u1ed1i t\u00e1c c\u1ee7a SKYBET.<\/p>\t\t\t\t\t\t\t\t<\/div>\n\t\t\t\t<\/div>\n\t\t\t\t\t<\/div>\n\t\t\t\t<\/div>\n\t\t\t\t<section class=\"elementor-section elementor-top-section elementor-element elementor-element-72f5e3c elementor-section-boxed elementor-section-height-default elementor-section-height-default\" data-id=\"72f5e3c\" data-element_type=\"section\">\n\t\t\t\t\t\t<div class=\"elementor-container elementor-column-gap-no\">\n\t\t\t\t\t<div class=\"elementor-column elementor-col-100 elementor-top-column elementor-element elementor-element-e83ea6f\" data-id=\"e83ea6f\" data-element_type=\"column\">\n\t\t\t<div class=\"elementor-widget-wrap elementor-element-populated\">\n\t\t\t\t\t\t<section class=\"elementor-section elementor-inner-section elementor-element elementor-element-8de28c2 elementor-section-full_width elementor-section-height-default elementor-section-height-default\" data-id=\"8de28c2\" data-element_type=\"section\">\n\t\t\t\t\t\t<div class=\"elementor-container elementor-column-gap-no\">\n\t\t\t\t\t<div class=\"elementor-column elementor-col-100 elementor-inner-column elementor-element elementor-element-5eb9e3f\" data-id=\"5eb9e3f\" data-element_type=\"column\">\n\t\t\t<div class=\"elementor-widget-wrap elementor-element-populated\">\n\t\t\t\t\t\t<div class=\"elementor-element elementor-element-567f7a5 elementor-invisible elementor-widget elementor-widget-image\" data-id=\"567f7a5\" data-element_type=\"widget\" data-settings=\"{&quot;_animation&quot;:&quot;fadeInDown&quot;}\" data-widget_type=\"image.default\">\n\t\t\t\t<div class=\"elementor-widget-container\">\n\t\t\t\t\t\t\t\t\t\t\t\t\t\t\t<img fetchpriority=\"high\" decoding=\"async\" width=\"1140\" height=\"283\" src=\"https:\/\/skybet365.us\/wp-content\/uploads\/2025\/03\/2-12.png\" class=\"attachment-full size-full wp-image-3493\" alt=\"SKYBET (2)\" srcset=\"https:\/\/skybet365.us\/wp-content\/uploads\/2025\/03\/2-12.png 1140w, https:\/\/skybet365.us\/wp-content\/uploads\/2025\/03\/2-12-300x74.png 300w, https:\/\/skybet365.us\/wp-content\/uploads\/2025\/03\/2-12-1024x254.png 1024w, https:\/\/skybet365.us\/wp-content\/uploads\/2025\/03\/2-12-768x191.png 768w\" sizes=\"(max-width: 1140px) 100vw, 1140px\" \/>\t\t\t\t\t\t\t\t\t\t\t\t\t\t\t<\/div>\n\t\t\t\t<\/div>\n\t\t\t\t<div class=\"elementor-element elementor-element-00b523a elementor-widget__width-initial elementor-invisible elementor-widget elementor-widget-image\" data-id=\"00b523a\" data-element_type=\"widget\" data-settings=\"{&quot;_animation&quot;:&quot;fadeInLeft&quot;}\" data-widget_type=\"image.default\">\n\t\t\t\t<div class=\"elementor-widget-container\">\n\t\t\t\t\t\t\t\t\t\t\t\t\t\t\t<img decoding=\"async\" width=\"850\" height=\"470\" src=\"https:\/\/skybet365.us\/wp-content\/uploads\/2023\/02\/service-10.jpg\" class=\"attachment-full size-full wp-image-1212\" alt=\"\" srcset=\"https:\/\/skybet365.us\/wp-content\/uploads\/2023\/02\/service-10.jpg 850w, https:\/\/skybet365.us\/wp-content\/uploads\/2023\/02\/service-10-300x166.jpg 300w, https:\/\/skybet365.us\/wp-content\/uploads\/2023\/02\/service-10-768x425.jpg 768w\" sizes=\"(max-width: 850px) 100vw, 850px\" \/>\t\t\t\t\t\t\t\t\t\t\t\t\t\t\t<\/div>\n\t\t\t\t<\/div>\n\t\t\t\t<div class=\"elementor-element elementor-element-84d8bf1 elementor-widget__width-initial elementor-invisible elementor-widget elementor-widget-image\" data-id=\"84d8bf1\" data-element_type=\"widget\" data-settings=\"{&quot;_animation&quot;:&quot;fadeInRight&quot;}\" data-widget_type=\"image.default\">\n\t\t\t\t<div class=\"elementor-widget-container\">\n\t\t\t\t\t\t\t\t\t\t\t\t\t\t\t<img decoding=\"async\" width=\"1200\" height=\"630\" src=\"https:\/\/skybet365.us\/wp-content\/uploads\/2025\/03\/SKYBET-17.png\" class=\"attachment-full size-full wp-image-3498\" alt=\"VIETWIN\" srcset=\"https:\/\/skybet365.us\/wp-content\/uploads\/2025\/03\/SKYBET-17.png 1200w, https:\/\/skybet365.us\/wp-content\/uploads\/2025\/03\/SKYBET-17-300x158.png 300w, https:\/\/skybet365.us\/wp-content\/uploads\/2025\/03\/SKYBET-17-1024x538.png 1024w, https:\/\/skybet365.us\/wp-content\/uploads\/2025\/03\/SKYBET-17-768x403.png 768w\" sizes=\"(max-width: 1200px) 100vw, 1200px\" \/>\t\t\t\t\t\t\t\t\t\t\t\t\t\t\t<\/div>\n\t\t\t\t<\/div>\n\t\t\t\t<section class=\"elementor-section elementor-inner-section elementor-element elementor-element-de520c1 elementor-section-boxed elementor-section-height-default elementor-section-height-default\" data-id=\"de520c1\" data-element_type=\"section\">\n\t\t\t\t\t\t<div class=\"elementor-container elementor-column-gap-default\">\n\t\t\t\t\t<div class=\"elementor-column elementor-col-50 elementor-inner-column elementor-element elementor-element-45d849a elementor-invisible\" data-id=\"45d849a\" data-element_type=\"column\" data-settings=\"{&quot;animation&quot;:&quot;fadeInLeft&quot;}\">\n\t\t\t<div class=\"elementor-widget-wrap elementor-element-populated\">\n\t\t\t\t\t\t<div class=\"elementor-element elementor-element-a4eb8a7 elementor-widget elementor-widget-heading\" data-id=\"a4eb8a7\" data-element_type=\"widget\" data-settings=\"{&quot;_animation&quot;:&quot;none&quot;}\" data-widget_type=\"heading.default\">\n\t\t\t\t<div class=\"elementor-widget-container\">\n\t\t\t\t\t<h2 class=\"elementor-heading-title elementor-size-default\">Ch\u1ea5t L\u01b0\u1ee3ng V\u01b0\u1ee3t Tr\u1ed9i<\/h2>\t\t\t\t<\/div>\n\t\t\t\t<\/div>\n\t\t\t\t<div class=\"elementor-element elementor-element-aa7a3c9 elementor-widget elementor-widget-text-editor\" data-id=\"aa7a3c9\" data-element_type=\"widget\" data-widget_type=\"text-editor.default\">\n\t\t\t\t<div class=\"elementor-widget-container\">\n\t\t\t\t\t\t\t\t\t<p>VietWin kh\u00f4ng ch\u1ec9 l\u00e0 ph\u1ea7n m\u1ec1m k\u1ebf to\u00e1n m\u00e0 c\u00f2n l\u00e0 c\u00f4ng c\u1ee5 qu\u1ea3n l\u00fd t\u00e0i kho\u1ea3n v\u00e0 th\u00f4ng tin hi\u1ec7u qu\u1ea3 v\u00e0 khoa h\u1ecdc. \u0110\u01b0\u1ee3c \u01b0a chu\u1ed9ng trong ng\u00e0nh iGaming, VietWin \u0111\u1ea3m b\u1ea3o t\u00ednh an to\u00e0n cao v\u00e0 s\u1ef1 t\u01b0\u01a1ng th\u00edch ho\u00e0n h\u1ea3o v\u1edbi m\u1ecdi thi\u1ebft b\u1ecb v\u00e0 tr\u00ecnh duy\u1ec7t.<\/p>\t\t\t\t\t\t\t\t<\/div>\n\t\t\t\t<\/div>\n\t\t\t\t<div class=\"elementor-element elementor-element-b2c4197 elementor-icon-list--layout-traditional elementor-list-item-link-full_width elementor-widget elementor-widget-icon-list\" data-id=\"b2c4197\" data-element_type=\"widget\" data-widget_type=\"icon-list.default\">\n\t\t\t\t<div class=\"elementor-widget-container\">\n\t\t\t\t\t\t\t<ul class=\"elementor-icon-list-items\">\n\t\t\t\t\t\t\t<li class=\"elementor-icon-list-item\">\n\t\t\t\t\t\t\t\t\t\t\t<span class=\"elementor-icon-list-icon\">\n\t\t\t\t\t\t\t<i aria-hidden=\"true\" class=\" icon-11\"><\/i>\t\t\t\t\t\t<\/span>\n\t\t\t\t\t\t\t\t\t\t<span class=\"elementor-icon-list-text\">K\u1ebf to\u00e1n t\u1ef1 \u0111\u1ed9ng v\u00e0 ch\u00ednh x\u00e1c<\/span>\n\t\t\t\t\t\t\t\t\t<\/li>\n\t\t\t\t\t\t\t\t<li class=\"elementor-icon-list-item\">\n\t\t\t\t\t\t\t\t\t\t\t<span class=\"elementor-icon-list-icon\">\n\t\t\t\t\t\t\t<i aria-hidden=\"true\" class=\" icon-11\"><\/i>\t\t\t\t\t\t<\/span>\n\t\t\t\t\t\t\t\t\t\t<span class=\"elementor-icon-list-text\">B\u1ea3o m\u1eadt cao, c\u00f4ng ngh\u1ec7 ti\u00ean ti\u1ebfn<\/span>\n\t\t\t\t\t\t\t\t\t<\/li>\n\t\t\t\t\t\t\t\t<li class=\"elementor-icon-list-item\">\n\t\t\t\t\t\t\t\t\t\t\t<span class=\"elementor-icon-list-icon\">\n\t\t\t\t\t\t\t<i aria-hidden=\"true\" class=\" icon-11\"><\/i>\t\t\t\t\t\t<\/span>\n\t\t\t\t\t\t\t\t\t\t<span class=\"elementor-icon-list-text\">T\u00ednh n\u0103ng \u0111a d\u1ea1ng<\/span>\n\t\t\t\t\t\t\t\t\t<\/li>\n\t\t\t\t\t\t<\/ul>\n\t\t\t\t\t\t<\/div>\n\t\t\t\t<\/div>\n\t\t\t\t\t<\/div>\n\t\t<\/div>\n\t\t\t\t<div class=\"elementor-column elementor-col-50 elementor-inner-column elementor-element elementor-element-72666ad\" data-id=\"72666ad\" data-element_type=\"column\">\n\t\t\t<div class=\"elementor-widget-wrap elementor-element-populated\">\n\t\t\t\t\t\t<div class=\"elementor-element elementor-element-51834d2 elementor-invisible elementor-widget elementor-widget-image\" data-id=\"51834d2\" data-element_type=\"widget\" data-settings=\"{&quot;_animation&quot;:&quot;fadeInRight&quot;}\" data-widget_type=\"image.default\">\n\t\t\t\t<div class=\"elementor-widget-container\">\n\t\t\t\t\t\t\t\t\t\t\t\t\t\t\t<img loading=\"lazy\" decoding=\"async\" width=\"410\" height=\"320\" src=\"https:\/\/skybet365.us\/wp-content\/uploads\/2025\/03\/2-13.png\" class=\"attachment-full size-full wp-image-3500\" alt=\"SKYBET\" srcset=\"https:\/\/skybet365.us\/wp-content\/uploads\/2025\/03\/2-13.png 410w, https:\/\/skybet365.us\/wp-content\/uploads\/2025\/03\/2-13-300x234.png 300w, https:\/\/skybet365.us\/wp-content\/uploads\/2025\/03\/2-13-370x290.png 370w\" sizes=\"(max-width: 410px) 100vw, 410px\" \/>\t\t\t\t\t\t\t\t\t\t\t\t\t\t\t<\/div>\n\t\t\t\t<\/div>\n\t\t\t\t\t<\/div>\n\t\t<\/div>\n\t\t\t\t\t<\/div>\n\t\t<\/section>\n\t\t<div class=\"elementor-element elementor-element-5776137 e-grid e-con-boxed e-con e-parent\" data-id=\"5776137\" data-element_type=\"container\">\n\t\t\t\t\t<div class=\"e-con-inner\">\n\t\t\t\t<div class=\"elementor-element elementor-element-25f9b7d elementor-widget__width-initial elementor-invisible elementor-widget elementor-widget-biztech_feature_block\" data-id=\"25f9b7d\" data-element_type=\"widget\" data-settings=\"{&quot;_animation&quot;:&quot;slideInLeft&quot;}\" data-widget_type=\"biztech_feature_block.default\">\n\t\t\t\t<div class=\"elementor-widget-container\">\n\t\t\t\t\t        \n\t\t\t\t\n\t\t\t\t\n\t\t\t\t\n\t\t<section class=\"service-details p_relative pdoff\">\n\t\t\t<div class=\"content-side\">\n\t\t\t\t<div class=\"service-details-content\">\n\t\t\t\t\t<div class=\"content-three\">\n\t\t\t\t\t\t<div class=\"row clearfix\">\n\t\t\t\t\t\t\t<div class=\"single-column\">\n\t\t\t\t\t\t\t\t<div class=\"single-item\">\n\t\t\t\t\t\t\t\t\t<div class=\"icon-box\"><i class=\"fas fa-user-check\"><\/i><\/div>\n\t\t\t\t\t\t\t\t\t<h3>S\u1eed D\u1ee5ng Mi\u1ec5n Ph\u00ed<\/h3>\n\t\t\t\t\t\t\t\t\t<p>Kh\u00e1ch h\u00e0ng c\u1ee7a SKYBET c\u00f3 th\u1ec3 s\u1eed d\u1ee5ng ph\u1ea7n m\u1ec1m k\u1ebf to\u00e1n VietWin ho\u00e0n to\u00e0n mi\u1ec5n ph\u00ed.<\/p>\n\t\t\t\t\t\t\t\t<\/div>\n\t\t\t\t\t\t\t<\/div>\n\t\t\t\t\t\t<\/div>\n\t\t\t\t\t<\/div>\n\t\t\t\t<\/div>\n\t\t\t<\/div>\n        <\/section>\n\t\t\n\t\t\n             \n\t\t\t\t\t\t<\/div>\n\t\t\t\t<\/div>\n\t\t\t\t<div class=\"elementor-element elementor-element-d7f91a3 elementor-widget__width-initial elementor-invisible elementor-widget elementor-widget-biztech_feature_block\" data-id=\"d7f91a3\" data-element_type=\"widget\" data-settings=\"{&quot;_animation&quot;:&quot;slideInLeft&quot;}\" data-widget_type=\"biztech_feature_block.default\">\n\t\t\t\t<div class=\"elementor-widget-container\">\n\t\t\t\t\t        \n\t\t\t\t\n\t\t\t\t\n\t\t\t\t\n\t\t<section class=\"service-details p_relative pdoff\">\n\t\t\t<div class=\"content-side\">\n\t\t\t\t<div class=\"service-details-content\">\n\t\t\t\t\t<div class=\"content-three\">\n\t\t\t\t\t\t<div class=\"row clearfix\">\n\t\t\t\t\t\t\t<div class=\"single-column\">\n\t\t\t\t\t\t\t\t<div class=\"single-item\">\n\t\t\t\t\t\t\t\t\t<div class=\"icon-box\"><i class=\"fas fa-heart\"><\/i><\/div>\n\t\t\t\t\t\t\t\t\t<h3>T\u01b0\u01a1ng Th\u00edch T\u1ed1t<\/h3>\n\t\t\t\t\t\t\t\t\t<p>Thi\u1ebft k\u1ebf v\u1edbi c\u00f4ng ngh\u1ec7 hi\u1ec7n \u0111\u1ea1i v\u00e0 t\u1ed1i \u01b0u h\u00f3a \u0111\u1ec3 ho\u1ea1t \u0111\u1ed9ng m\u01b0\u1ee3t m\u00e0 tr\u00ean m\u1ecdi thi\u1ebft b\u1ecb k\u1ebft n\u1ed1i Internet.<\/p>\n\t\t\t\t\t\t\t\t<\/div>\n\t\t\t\t\t\t\t<\/div>\n\t\t\t\t\t\t<\/div>\n\t\t\t\t\t<\/div>\n\t\t\t\t<\/div>\n\t\t\t<\/div>\n        <\/section>\n\t\t\n\t\t\n             \n\t\t\t\t\t\t<\/div>\n\t\t\t\t<\/div>\n\t\t\t\t<div class=\"elementor-element elementor-element-e093eea elementor-widget__width-initial elementor-invisible elementor-widget elementor-widget-biztech_feature_block\" data-id=\"e093eea\" data-element_type=\"widget\" data-settings=\"{&quot;_animation&quot;:&quot;slideInRight&quot;}\" data-widget_type=\"biztech_feature_block.default\">\n\t\t\t\t<div class=\"elementor-widget-container\">\n\t\t\t\t\t        \n\t\t\t\t\n\t\t\t\t\n\t\t\t\t\n\t\t<section class=\"service-details p_relative pdoff\">\n\t\t\t<div class=\"content-side\">\n\t\t\t\t<div class=\"service-details-content\">\n\t\t\t\t\t<div class=\"content-three\">\n\t\t\t\t\t\t<div class=\"row clearfix\">\n\t\t\t\t\t\t\t<div class=\"single-column\">\n\t\t\t\t\t\t\t\t<div class=\"single-item\">\n\t\t\t\t\t\t\t\t\t<div class=\"icon-box\"><i class=\" icon-17\"><\/i><\/div>\n\t\t\t\t\t\t\t\t\t<h3>Ch\u1ea5t L\u01b0\u1ee3ng \u0110\u1ec9nh Cao<\/h3>\n\t\t\t\t\t\t\t\t\t<p>V\u1edbi t\u1ed1c \u0111\u1ed9 x\u1eed l\u00fd nhanh, b\u1ea3o m\u1eadt cao v\u00e0 t\u00ednh n\u0103ng \u0111\u01b0\u1ee3c c\u1eadp nh\u1eadt li\u00ean t\u1ee5c.<\/p>\n\t\t\t\t\t\t\t\t<\/div>\n\t\t\t\t\t\t\t<\/div>\n\t\t\t\t\t\t<\/div>\n\t\t\t\t\t<\/div>\n\t\t\t\t<\/div>\n\t\t\t<\/div>\n        <\/section>\n\t\t\n\t\t\n             \n\t\t\t\t\t\t<\/div>\n\t\t\t\t<\/div>\n\t\t\t\t<div class=\"elementor-element elementor-element-b797032 elementor-widget__width-initial elementor-invisible elementor-widget elementor-widget-biztech_feature_block\" data-id=\"b797032\" data-element_type=\"widget\" data-settings=\"{&quot;_animation&quot;:&quot;slideInRight&quot;}\" data-widget_type=\"biztech_feature_block.default\">\n\t\t\t\t<div class=\"elementor-widget-container\">\n\t\t\t\t\t        \n\t\t\t\t\n\t\t\t\t\n\t\t\t\t\n\t\t<section class=\"service-details p_relative pdoff\">\n\t\t\t<div class=\"content-side\">\n\t\t\t\t<div class=\"service-details-content\">\n\t\t\t\t\t<div class=\"content-three\">\n\t\t\t\t\t\t<div class=\"row clearfix\">\n\t\t\t\t\t\t\t<div class=\"single-column\">\n\t\t\t\t\t\t\t\t<div class=\"single-item\">\n\t\t\t\t\t\t\t\t\t<div class=\"icon-box\"><i class=\" icon-29\"><\/i><\/div>\n\t\t\t\t\t\t\t\t\t<h3>H\u1ed7 Tr\u1ee3 Nhi\u1ec7t T\u00ecnh<\/h3>\n\t\t\t\t\t\t\t\t\t<p>V\u1edbi \u0111\u1ed9i ng\u0169 nh\u00e2n vi\u00ean h\u1ed7 tr\u1ee3 s\u1eb5n s\u00e0ng 24\/7 \u0111\u1ec3 gi\u1ea3i \u0111\u00e1p m\u1ecdi th\u1eafc m\u1eafc c\u1ee7a kh\u00e1ch h\u00e0ng.<\/p>\n\t\t\t\t\t\t\t\t<\/div>\n\t\t\t\t\t\t\t<\/div>\n\t\t\t\t\t\t<\/div>\n\t\t\t\t\t<\/div>\n\t\t\t\t<\/div>\n\t\t\t<\/div>\n        <\/section>\n\t\t\n\t\t\n             \n\t\t\t\t\t\t<\/div>\n\t\t\t\t<\/div>\n\t\t\t\t\t<\/div>\n\t\t\t\t<\/div>\n\t\t\t\t<section class=\"elementor-section elementor-inner-section elementor-element elementor-element-2a1d307 elementor-section-boxed elementor-section-height-default elementor-section-height-default\" data-id=\"2a1d307\" data-element_type=\"section\">\n\t\t\t\t\t\t<div class=\"elementor-container elementor-column-gap-default\">\n\t\t\t\t\t<div class=\"elementor-column elementor-col-50 elementor-inner-column elementor-element elementor-element-99851a4 elementor-invisible\" data-id=\"99851a4\" data-element_type=\"column\" data-settings=\"{&quot;animation&quot;:&quot;fadeInLeft&quot;}\">\n\t\t\t<div class=\"elementor-widget-wrap elementor-element-populated\">\n\t\t\t\t\t\t<div class=\"elementor-element elementor-element-3e6fb31 elementor-widget elementor-widget-heading\" data-id=\"3e6fb31\" data-element_type=\"widget\" data-settings=\"{&quot;_animation&quot;:&quot;none&quot;}\" data-widget_type=\"heading.default\">\n\t\t\t\t<div class=\"elementor-widget-container\">\n\t\t\t\t\t<h2 class=\"elementor-heading-title elementor-size-default\">\u0110\u1ed1i T\u00e1c \u0110\u00e1ng Tin C\u1eady Cho Doanh Nghi\u1ec7p iGaming<\/h2>\t\t\t\t<\/div>\n\t\t\t\t<\/div>\n\t\t\t\t<div class=\"elementor-element elementor-element-3df2533 elementor-widget elementor-widget-text-editor\" data-id=\"3df2533\" data-element_type=\"widget\" data-widget_type=\"text-editor.default\">\n\t\t\t\t<div class=\"elementor-widget-container\">\n\t\t\t\t\t\t\t\t\t<p>VietWin kh\u00f4ng ch\u1ec9 \u0111\u01a1n thu\u1ea7n l\u00e0 ph\u1ea7n m\u1ec1m k\u1ebf to\u00e1n m\u00e0 c\u00f2n l\u00e0 gi\u1ea3i ph\u00e1p qu\u1ea3n tr\u1ecb doanh nghi\u1ec7p ho\u00e0n h\u1ea3o, k\u1ebft h\u1ee3p c\u00f4ng ngh\u1ec7 hi\u1ec7n \u0111\u1ea1i v\u00e0 h\u01a1n 10 n\u0103m kinh nghi\u1ec7m trong l\u0129nh v\u1ef1c t\u01b0 v\u1ea5n v\u00e0 tri\u1ec3n khai ph\u1ea7n m\u1ec1m tr\u00ean th\u1ecb tr\u01b0\u1eddng iGaming. H\u00e3y \u0111\u1ec3 VietWin gi\u00fap b\u1ea1n qu\u1ea3n l\u00fd doanh nghi\u1ec7p m\u1ed9t c\u00e1ch th\u00f4ng minh v\u00e0 hi\u1ec7u qu\u1ea3.<\/p>\t\t\t\t\t\t\t\t<\/div>\n\t\t\t\t<\/div>\n\t\t\t\t<div class=\"elementor-element elementor-element-a7ff394 elementor-icon-list--layout-traditional elementor-list-item-link-full_width elementor-widget elementor-widget-icon-list\" data-id=\"a7ff394\" data-element_type=\"widget\" data-widget_type=\"icon-list.default\">\n\t\t\t\t<div class=\"elementor-widget-container\">\n\t\t\t\t\t\t\t<ul class=\"elementor-icon-list-items\">\n\t\t\t\t\t\t\t<li class=\"elementor-icon-list-item\">\n\t\t\t\t\t\t\t\t\t\t\t<span class=\"elementor-icon-list-icon\">\n\t\t\t\t\t\t\t<i aria-hidden=\"true\" class=\" icon-11\"><\/i>\t\t\t\t\t\t<\/span>\n\t\t\t\t\t\t\t\t\t\t<span class=\"elementor-icon-list-text\">Qu\u1ea3n l\u00fd t\u00e0i kho\u1ea3n v\u00e0 th\u00f4ng tin m\u1ed9t c\u00e1ch khoa h\u1ecdc v\u00e0 hi\u1ec7u qu\u1ea3.<\/span>\n\t\t\t\t\t\t\t\t\t<\/li>\n\t\t\t\t\t\t\t\t<li class=\"elementor-icon-list-item\">\n\t\t\t\t\t\t\t\t\t\t\t<span class=\"elementor-icon-list-icon\">\n\t\t\t\t\t\t\t<i aria-hidden=\"true\" class=\" icon-11\"><\/i>\t\t\t\t\t\t<\/span>\n\t\t\t\t\t\t\t\t\t\t<span class=\"elementor-icon-list-text\">\u0110\u1ea3m b\u1ea3o truy c\u1eadp an to\u00e0n v\u00e0 t\u01b0\u01a1ng th\u00edch v\u1edbi m\u1ecdi thi\u1ebft b\u1ecb v\u00e0 tr\u00ecnh duy\u1ec7t<\/span>\n\t\t\t\t\t\t\t\t\t<\/li>\n\t\t\t\t\t\t<\/ul>\n\t\t\t\t\t\t<\/div>\n\t\t\t\t<\/div>\n\t\t\t\t\t<\/div>\n\t\t<\/div>\n\t\t\t\t<div class=\"elementor-column elementor-col-50 elementor-inner-column elementor-element elementor-element-53be0d7\" data-id=\"53be0d7\" data-element_type=\"column\">\n\t\t\t<div class=\"elementor-widget-wrap elementor-element-populated\">\n\t\t\t\t\t\t<div class=\"elementor-element elementor-element-8403ed3 elementor-widget__width-initial elementor-invisible elementor-widget elementor-widget-image\" data-id=\"8403ed3\" data-element_type=\"widget\" data-settings=\"{&quot;_animation&quot;:&quot;fadeInRight&quot;}\" data-widget_type=\"image.default\">\n\t\t\t\t<div class=\"elementor-widget-container\">\n\t\t\t\t\t\t\t\t\t\t\t\t\t\t\t<img loading=\"lazy\" decoding=\"async\" width=\"267\" height=\"283\" src=\"https:\/\/skybet365.us\/wp-content\/uploads\/2025\/03\/img-1.jpg\" class=\"attachment-full size-full wp-image-3337\" alt=\"\" \/>\t\t\t\t\t\t\t\t\t\t\t\t\t\t\t<\/div>\n\t\t\t\t<\/div>\n\t\t\t\t<div class=\"elementor-element elementor-element-3bb2538 elementor-widget__width-initial elementor-invisible elementor-widget elementor-widget-image\" data-id=\"3bb2538\" data-element_type=\"widget\" data-settings=\"{&quot;_animation&quot;:&quot;fadeInRight&quot;}\" data-widget_type=\"image.default\">\n\t\t\t\t<div class=\"elementor-widget-container\">\n\t\t\t\t\t\t\t\t\t\t\t\t\t\t\t<img loading=\"lazy\" decoding=\"async\" width=\"267\" height=\"283\" src=\"https:\/\/skybet365.us\/wp-content\/uploads\/2025\/03\/image-4.png\" class=\"attachment-full size-full wp-image-3339\" alt=\"\" \/>\t\t\t\t\t\t\t\t\t\t\t\t\t\t\t<\/div>\n\t\t\t\t<\/div>\n\t\t\t\t\t<\/div>\n\t\t<\/div>\n\t\t\t\t\t<\/div>\n\t\t<\/section>\n\t\t\t\t\t<\/div>\n\t\t<\/div>\n\t\t\t\t\t<\/div>\n\t\t<\/section>\n\t\t\t\t\t<\/div>\n\t\t<\/div>\n\t\t\t\t\t<\/div>\n\t\t<\/section>\n\t\t<div class=\"elementor-element elementor-element-1233522 e-flex e-con-boxed e-con e-parent\" data-id=\"1233522\" data-element_type=\"container\">\n\t\t\t\t\t<div class=\"e-con-inner\">\n\t\t\t\t<div class=\"elementor-element elementor-element-3a38688 elementor-invisible elementor-widget elementor-widget-text-editor\" data-id=\"3a38688\" data-element_type=\"widget\" data-settings=\"{&quot;_animation&quot;:&quot;slideInLeft&quot;}\" data-widget_type=\"text-editor.default\">\n\t\t\t\t<div class=\"elementor-widget-container\">\n\t\t\t\t\t\t\t\t\t<p style=\"text-align: center;\">B\u1ea1n \u0111ang c\u1ea7n t\u01b0 v\u1ea5n th\u00eam v\u1ec1 t\u00ednh n\u0103ng, b\u00e1o gi\u00e1 d\u1ecbch v\u1ee5, h\u01b0\u1edbng d\u1eabn s\u1eed d\u1ee5ng ho\u1eb7c tr\u1edf th\u00e0nh \u0111\u1ed1i t\u00e1c VietWin &#8211; ch\u00fang t\u00f4i lu\u00f4n s\u1eb5n s\u00e0ng k\u1ebft n\u1ed1i c\u00f9ng b\u1ea1n<\/p>\t\t\t\t\t\t\t\t<\/div>\n\t\t\t\t<\/div>\n\t\t\t\t<div class=\"elementor-element elementor-element-4ffad0b elementor-align-center elementor-invisible elementor-widget elementor-widget-button\" data-id=\"4ffad0b\" data-element_type=\"widget\" data-settings=\"{&quot;_animation&quot;:&quot;slideInLeft&quot;}\" data-widget_type=\"button.default\">\n\t\t\t\t<div class=\"elementor-widget-container\">\n\t\t\t\t\t\t\t\t\t<div class=\"elementor-button-wrapper\">\n\t\t\t\t\t<a class=\"elementor-button elementor-button-link elementor-size-sm\" href=\"#\">\n\t\t\t\t\t\t<span class=\"elementor-button-content-wrapper\">\n\t\t\t\t\t\t\t\t\t<span class=\"elementor-button-text\">LI\u00caN H\u1ec6 NGAY<\/span>\n\t\t\t\t\t<\/span>\n\t\t\t\t\t<\/a>\n\t\t\t\t<\/div>\n\t\t\t\t\t\t\t\t<\/div>\n\t\t\t\t<\/div>\n\t\t\t\t\t<\/div>\n\t\t\t\t<\/div>\n\t\t\t\t<\/div>\n\t\t","protected":false},"excerpt":{"rendered":"<p>K\u1ebf To\u00e1n Th\u00f4ng Minh, N\u00e2ng T\u1ea7m Doanh Nghi\u1ec7p Ng\u00e0nh iGaming \u0111ang ph\u00e1t tri\u1ec3n m\u1ea1nh m\u1ebd, m\u1edf ra nhi\u1ec1u c\u01a1 h\u1ed9i cho c\u00e1c doanh nghi\u1ec7p mu\u1ed1n m\u1edf r\u1ed9ng th\u1ecb tr\u01b0\u1eddng v\u00e0 t\u0103ng c\u01b0\u1eddng hi\u1ec7u qu\u1ea3 ho\u1ea1t \u0111\u1ed9ng. VietWin, l\u00e0 ph\u1ea7n m\u1ec1m k\u1ebf to\u00e1n do SKYBET cung c\u1ea5p, l\u00e0 m\u1ed9t c\u00f4ng c\u1ee5 kh\u00f4ng th\u1ec3 thi\u1ebfu v\u00e0 gi\u1ea3i [&hellip;]<\/p>\n","protected":false},"author":2,"featured_media":0,"parent":0,"menu_order":0,"comment_status":"closed","ping_status":"closed","template":"tpl-default-elementor.php","meta":{"footnotes":""},"class_list":["post-1058","page","type-page","status-publish","hentry"],"_links":{"self":[{"href":"https:\/\/skybet365.us\/index.php\/wp-json\/wp\/v2\/pages\/1058","targetHints":{"allow":["GET"]}}],"collection":[{"href":"https:\/\/skybet365.us\/index.php\/wp-json\/wp\/v2\/pages"}],"about":[{"href":"https:\/\/skybet365.us\/index.php\/wp-json\/wp\/v2\/types\/page"}],"author":[{"embeddable":true,"href":"https:\/\/skybet365.us\/index.php\/wp-json\/wp\/v2\/users\/2"}],"replies":[{"embeddable":true,"href":"https:\/\/skybet365.us\/index.php\/wp-json\/wp\/v2\/comments?post=1058"}],"version-history":[{"count":29,"href":"https:\/\/skybet365.us\/index.php\/wp-json\/wp\/v2\/pages\/1058\/revisions"}],"predecessor-version":[{"id":3547,"href":"https:\/\/skybet365.us\/index.php\/wp-json\/wp\/v2\/pages\/1058\/revisions\/3547"}],"wp:attachment":[{"href":"https:\/\/skybet365.us\/index.php\/wp-json\/wp\/v2\/media?parent=1058"}],"curies":[{"name":"wp","href":"https:\/\/api.w.org\/{rel}","templated":true}]}}