{"id":1799,"date":"2023-02-09T07:51:47","date_gmt":"2023-02-09T07:51:47","guid":{"rendered":"http:\/\/finestwp.com\/biztech\/?page_id=1799"},"modified":"2025-03-31T09:00:33","modified_gmt":"2025-03-31T02:00:33","slug":"skybet-da-ga","status":"publish","type":"page","link":"https:\/\/skybet365.us\/index.php\/skybet-da-ga\/","title":{"rendered":"\u0110\u00c1 G\u00c0"},"content":{"rendered":"\t\t<div data-elementor-type=\"wp-page\" data-elementor-id=\"1799\" class=\"elementor elementor-1799\">\n\t\t\t\t\t\t<section class=\"elementor-section elementor-top-section elementor-element elementor-element-db81df3 elementor-section-full_width elementor-section-height-default elementor-section-height-default\" data-id=\"db81df3\" data-element_type=\"section\" data-settings=\"{&quot;background_background&quot;:&quot;classic&quot;}\">\n\t\t\t\t\t\t\t<div class=\"elementor-background-overlay\"><\/div>\n\t\t\t\t\t\t\t<div class=\"elementor-container elementor-column-gap-no\">\n\t\t\t\t\t<div class=\"elementor-column elementor-col-100 elementor-top-column elementor-element elementor-element-7bb59cd\" data-id=\"7bb59cd\" data-element_type=\"column\">\n\t\t\t<div class=\"elementor-widget-wrap elementor-element-populated\">\n\t\t\t\t\t\t<section class=\"elementor-section elementor-inner-section elementor-element elementor-element-7d5ed7b elementor-section-full_width elementor-section-height-default elementor-section-height-default\" data-id=\"7d5ed7b\" data-element_type=\"section\">\n\t\t\t\t\t\t<div class=\"elementor-container elementor-column-gap-no\">\n\t\t\t\t\t<div class=\"elementor-column elementor-col-100 elementor-inner-column elementor-element elementor-element-186df83\" data-id=\"186df83\" data-element_type=\"column\">\n\t\t\t<div class=\"elementor-widget-wrap elementor-element-populated\">\n\t\t\t\t\t\t<section class=\"elementor-section elementor-inner-section elementor-element elementor-element-56f9d06 elementor-section-boxed elementor-section-height-default elementor-section-height-default\" data-id=\"56f9d06\" data-element_type=\"section\" data-settings=\"{&quot;background_background&quot;:&quot;classic&quot;}\">\n\t\t\t\t\t\t\t<div class=\"elementor-background-overlay\"><\/div>\n\t\t\t\t\t\t\t<div class=\"elementor-container elementor-column-gap-default\">\n\t\t\t\t\t<div class=\"elementor-column elementor-col-100 elementor-inner-column elementor-element elementor-element-ce05890\" data-id=\"ce05890\" data-element_type=\"column\">\n\t\t\t<div class=\"elementor-widget-wrap elementor-element-populated\">\n\t\t\t\t\t\t<section class=\"elementor-section elementor-inner-section elementor-element elementor-element-fd011b2 elementor-section-full_width elementor-section-height-default elementor-section-height-default\" data-id=\"fd011b2\" data-element_type=\"section\">\n\t\t\t\t\t\t<div class=\"elementor-container elementor-column-gap-default\">\n\t\t\t\t\t<div class=\"elementor-column elementor-col-100 elementor-inner-column elementor-element elementor-element-4d7a6d3\" data-id=\"4d7a6d3\" data-element_type=\"column\">\n\t\t\t<div class=\"elementor-widget-wrap elementor-element-populated\">\n\t\t\t\t\t\t<div class=\"elementor-element elementor-element-e09eb8a elementor-widget elementor-widget-biztech_projects_slider\" data-id=\"e09eb8a\" data-element_type=\"widget\" data-widget_type=\"biztech_projects_slider.default\">\n\t\t\t\t<div class=\"elementor-widget-container\">\n\t\t\t\t\t\t\t\n\t\t\n\t\t\n\t\t\t <script>\n\t\t jQuery(document).ready(function($) {\n\n\t\t\/\/put the js code under this line \n\n\t\t\tif ($(\".three-item-carousel\").length) {\n\t\t\t\t$(\".three-item-carousel\").owlCarousel({\n\t\t\t\t\tloop:true,\n\t\t\t\t\tmargin:30,\n\t\t\t\t\tnav:true,\n\t\t\t\t\tsmartSpeed: 500,\n\t\t\t\t\tautoplay: 1000,\n\t\t\t\t\tresponsive:{\n\t\t\t\t\t\t0:{\n\t\t\t\t\t\t\titems:1\n\t\t\t\t\t\t},\n\t\t\t\t\t\t480:{\n\t\t\t\t\t\t\titems:1\n\t\t\t\t\t\t},\n\t\t\t\t\t\t600:{\n\t\t\t\t\t\t\titems:2\n\t\t\t\t\t\t},\n\t\t\t\t\t\t800:{\n\t\t\t\t\t\t\titems:2\n\t\t\t\t\t\t},\t\t\t\n\t\t\t\t\t\t1200:{\n\t\t\t\t\t\t\titems:3\n\t\t\t\t\t\t}\n\n\t\t\t\t\t}\n\t\t\t\t});    \t\t\n\t\t\t}\n\n\t\t\/\/put the code above the line \n\n\t\t  });\n\t\t<\/script>        \n        <section class=\"projects-section p_relative centred pdoff\">\n\t\t\t<div class=\"three-item-carousel owl-carousel owl-theme owl-nav-none\">\n\t\t\t\n\t\t\t\t\t\t\t\n\t\t\t\t<div class=\"project-block-one\">\n\t\t\t\t\t<div class=\"inner-box\">\n\t\t\t\t\t\t<figure class=\"image-box\">\n\t\t\t\t\t\t\t   \n\t\t\t\t\t\t\t\t<img decoding=\"async\" src=\"https:\/\/skybet365.us\/wp-content\/uploads\/2025\/03\/sv388.png\" alt=\"\">\n\t\t\t\t\t\t\t\t\t\t\t\t\t<\/figure>\n\t\t\t\t\t\t<div class=\"content-box\">\n\t\t\t\t\t\t\t<div class=\"inner\">\n\t\t\t\t\t\t\t\t<div class=\"view-btn\"><a href=\"https:\/\/skybet365.us\/wp-content\/uploads\/2025\/03\/sv388.png\" class=\"lightbox-image\" data-fancybox=\"gallery\"><i class=\"icon-16\"><\/i><\/a><\/div>\n\t\t\t\t\t\t\t\t<h3><a href=\"https:\/\/skybet365.us\/index.php\/2025\/03\/30\/sv388-he-thong-da-ga-truc-tuyen\/\">SV388<\/a><\/h3>\n\t\t\t\t\t\t\t\t<span class=\"designation\">H\u1ec7 th\u1ed1ng \u0111\u00e1 g\u00e0 tr\u1ef1c tuy\u1ebfn<\/span>\n\t\t\t\t\t\t\t<\/div>\n\t\t\t\t\t\t<\/div>\n\t\t\t\t\t<\/div>\n\t\t\t\t<\/div>\n\t\t\t\t\n\t\t\t\t\t\t\t\t\n\t\t\t<\/div>\n        <\/section>\n\n             \n\t\t\t\t\t\t<\/div>\n\t\t\t\t<\/div>\n\t\t\t\t\t<\/div>\n\t\t<\/div>\n\t\t\t\t\t<\/div>\n\t\t<\/section>\n\t\t\t\t\t<\/div>\n\t\t<\/div>\n\t\t\t\t\t<\/div>\n\t\t<\/section>\n\t\t\t\t\t<\/div>\n\t\t<\/div>\n\t\t\t\t\t<\/div>\n\t\t<\/section>\n\t\t\t\t\t<\/div>\n\t\t<\/div>\n\t\t\t\t\t<\/div>\n\t\t<\/section>\n\t\t\t\t<\/div>\n\t\t","protected":false},"excerpt":{"rendered":"<p>SV388 H\u1ec7 th\u1ed1ng \u0111\u00e1 g\u00e0 tr\u1ef1c tuy\u1ebfn<\/p>\n","protected":false},"author":2,"featured_media":0,"parent":0,"menu_order":0,"comment_status":"closed","ping_status":"closed","template":"","meta":{"footnotes":""},"class_list":["post-1799","page","type-page","status-publish","hentry"],"_links":{"self":[{"href":"https:\/\/skybet365.us\/index.php\/wp-json\/wp\/v2\/pages\/1799","targetHints":{"allow":["GET"]}}],"collection":[{"href":"https:\/\/skybet365.us\/index.php\/wp-json\/wp\/v2\/pages"}],"about":[{"href":"https:\/\/skybet365.us\/index.php\/wp-json\/wp\/v2\/types\/page"}],"author":[{"embeddable":true,"href":"https:\/\/skybet365.us\/index.php\/wp-json\/wp\/v2\/users\/2"}],"replies":[{"embeddable":true,"href":"https:\/\/skybet365.us\/index.php\/wp-json\/wp\/v2\/comments?post=1799"}],"version-history":[{"count":10,"href":"https:\/\/skybet365.us\/index.php\/wp-json\/wp\/v2\/pages\/1799\/revisions"}],"predecessor-version":[{"id":3558,"href":"https:\/\/skybet365.us\/index.php\/wp-json\/wp\/v2\/pages\/1799\/revisions\/3558"}],"wp:attachment":[{"href":"https:\/\/skybet365.us\/index.php\/wp-json\/wp\/v2\/media?parent=1799"}],"curies":[{"name":"wp","href":"https:\/\/api.w.org\/{rel}","templated":true}]}}